 + 61. What is the greatest common factor of 56 and z?
8
Suppose -5*i + 2088 = 4*w, 0*w + 2088 = 4*w + 4*i. What is the greatest common divisor of w and 58?
58
Suppose -5*l = 5*l - 40. Let p = 15 + -7. Suppose 3*h - 112 = -4*n, l*h - p*h + 140 = -4*n. What is the highest common factor of 4 and h?
4
Let l = -359 + 606. What is the greatest common divisor of l and 13?
13
Let l(j) = j**2 - 14*j + 29. Let r be l(11). Let k(p) = -2*p**3 - 5*p**2 - 6*p - 9. Let n be k(r). Calculate the greatest common divisor of n and 21.
21
Let g = 13 - -106. Suppose c = 2*c - g. What is the greatest common factor of c and 17?
17
Suppose 7*q = 2*q + 400. Let r(s) = s + 3*s + s**2 - 2 + 9 - 3. Let t be r(-6). What is the highest common factor of t and q?
16
Suppose 4*r + 0*f + 3*f - 203 = 0, 3*r = f + 149. Suppose 51 + 49 = 5*n. What is the highest common divisor of n and r?
10
Let z(p) be the first derivative of p**4/4 - 2*p**3 + 3*p**2/2 + 5*p + 10. Let n be z(5). Let c = n - -19. Calculate the highest common divisor of 7 and c.
7
Let l = -37 - -48. Let t(v) = 44*v. Let d(j) = -88*j. Let s(n) = -3*d(n) - 5*t(n). Let z be s(2). Calculate the highest common divisor of z and l.
11
Let w be ((-1)/(-1) + 26)*3. Suppose -13*k + w = -10*k. Let i(g) = -g**3 + 7*g**2 - 5*g - 3. Let f be i(6). What is the highest common factor of k and f?
3
Let o be 1 + 0 + -7*3. Let f be (90/o)/(6/(-8)). Suppose 5*b - 2*b = f. What is the greatest common divisor of 8 and b?
2
Let g(i) = 5*i**2 - 8*i - 28. Let r be g(6). Calculate the highest common factor of 78 and r.
26
Let g(y) = 28*y + 180. Let w be g(-6). Calculate the highest common divisor of w and 28.
4
Let k be (2/(-4))/(4 - (-18)/(-4)). Let t be k - (-16 + (-5 - -8)). Calculate the greatest common divisor of 49 and t.
7
Let o = -163 + 172. Suppose 3*a - 3*l - 108 = 2*a, a + l = 96. Calculate the greatest common factor of a and o.
9
Suppose d + 5*y = 527, -4*d + 1608 = -y - 521. What is the highest common factor of 28 and d?
28
Let t(r) = -r**3 + 7*r**2 - 7*r + 4. Let z be t(4). Suppose 5*q + 27 = 14*q. Calculate the greatest common factor of q and z.
3
Let l(o) = -21*o + 92. Let x be l(-26). Calculate the highest common divisor of x and 22.
22
Let f be (846/(-4))/9*(-1 - 3). Let z = 142 - f. What is the highest common factor of z and 16?
16
Suppose 0 = -r + 3, f + 2*r + 6 = 5*f. Suppose -f*w - w + l - 22 = 0, w = 4*l + 2. Let g be 0 + (-6)/4*w. What is the highest common divisor of 18 and g?
9
Let s(c) = 10*c**2 + 5*c - 9. Let g be s(2). Calculate the greatest common factor of g and 164.
41
Suppose -3*m - 22 = -4*i - 0, 3*i - 5*m - 22 = 0. Let h be i/(-26) - 3597/(-143). Calculate the greatest common divisor of 10 and h.
5
Suppose 3*d = 2*q + 21, -5*d - q + 33 = 11. Suppose u - d*h = 69, 5*u - 448 = -h - 129. Let j = 241 - 225. What is the highest common factor of u and j?
16
Let s be -2 + (6110/70 - 2/7). Calculate the greatest common factor of s and 10.
5
Let a(t) = t**2 - 15*t + 16. Let q be a(11). Let l = 56 + q. Calculate the highest common divisor of l and 7.
7
Let i be ((-18)/(-24) - (-3591)/12) + -1. Calculate the highest common factor of i and 13.
13
Let j = 33 - 22. Suppose -c - 2*n - 13 = 0, -c - 3*c + 2*n = 12. Let f(v) = -26*v - 9. Let r be f(c). Calculate the greatest common factor of j and r.
11
Let d(g) be the second derivative of 1/12*g**4 + 0 + 1/3*g**3 - g - 4*g**2. Let s be d(-12). Calculate the highest common factor of 14 and s.
14
Let c(y) = y**3 + 14*y**2 - 5*y + 56. Let l be c(-13). What is the greatest common factor of 20 and l?
10
Let w be (-2070)/(-161) - (1 + (-16)/14). What is the greatest common factor of w and 143?
13
Let k = 160 - 118. What is the highest common divisor of k and 112?
14
Let z(n) = -1 + 4 - n**2 - 2. Let k be z(-1). Suppose 0 = -2*c - k + 26. Calculate the highest common divisor of c and 78.
13
Let b be 2/7 + 2/(-7). Suppose 3*t + 78 = 5*c - 0*t, b = 4*c - 5*t - 65. Let v = c - -6. What is the highest common divisor of v and 3?
3
Let s be (35/3)/((-100)/(-120)). What is the greatest common factor of 98 and s?
14
Let f = 2 - 5. Let j be f + (-3)/((-3)/7). Let s be (-2306)/(-14) + j/14. Calculate the highest common divisor of s and 15.
15
Let f(v) = -v - 15. Let q(m) = 7. Let i(y) = 3*f(y) + 7*q(y). Let p be i(-3). Calculate the highest common factor of p and 39.
13
Let m(s) = -s**2 - 21*s + 5. Let j be m(-24). Suppose -2*f - 114 = -24. Let g = f - j. Calculate the highest common divisor of g and 242.
22
Let z = 524 - 491. Let s be 1/(1/(-1))*-11. Calculate the greatest common factor of z and s.
11
Let l(g) = -80*g + 98. Let c be l(1). Let q(s) = 125*s + 1. Let k be q(1). Calculate the greatest common divisor of k and c.
18
Let l be (-10)/(-4) - (28/(-8))/7. Suppose 0 = -l*b + 2*h + 14, -10 + 2 = 2*h. Calculate the highest common divisor of b and 8.
2
Let j = -7 - -11. Let k(c) = 0*c - 4*c**2 + j*c**2 + c - 2 + c**2. Let x be k(-4). What is the greatest common divisor of 40 and x?
10
Let n = 4299 + -4293. Let d(o) = -o + 15. Let g be d(0). Let h = g - 3. What is the greatest common factor of h and n?
6
Let y be (24/(-42))/(4/(-14)). Suppose -y + 8 = 2*s. Suppose 61 = 4*a - h + 4*h, -s*h + 4 = a. Calculate the highest common factor of a and 19.
19
Let r = 263 + -129. Let w be r/5 + (-1)/(-5). Calculate the highest common divisor of w and 297.
27
Let i be 226/(-4)*(-1520)/95. Calculate the highest common factor of 16 and i.
8
Let s(a) = -2*a - 1. Let w be s(-3). Suppose 3*x - 2*x = w. Suppose 4*k + 8 = 5*g - 10, x*k + 10 = 0. What is the greatest common factor of 22 and g?
2
Suppose -128*j = -137*j + 180. What is the highest common divisor of 164 and j?
4
Let i be (9 - 6)*-8*(-3 + 2). Suppose -25*r = -i*r - 100. Calculate the greatest common divisor of r and 40.
20
Let g(n) = -n**3 - 14*n**2 + 7*n - 52. Let l be g(-15). Calculate the highest common divisor of 8 and l.
4
Let u(d) = 7*d**2 + 3*d + 1. Let o be u(-2). Let p = 21 - o. Let v be (-48*1)/p + 4. What is the highest common factor of v and 56?
28
Let k be (-15)/(315/196)*(-1 + -2). Calculate the highest common divisor of 448 and k.
28
Let b = 17 - 3. Suppose 5 = 5*o, -4*w + 125 + 14 = -o. Calculate the greatest common factor of b and w.
7
Let l be 2/(-3) - 88/(-6). Let g(b) = -7 - 100*b**2 + 48*b**2 + 11*b + 51*b**2. Let q be g(7). Calculate the highest common divisor of q and l.
7
Let l = -5346 + 7871. What is the greatest common divisor of l and 101?
101
Let s(q) = -4*q - q**2 + 6*q**2 + 61 - 65. Let u be s(-4). Calculate the greatest common divisor of 23 and u.
23
Let w be (-2)/(-9) + 32/18. Let m(p) = -p**2 - 4*p + 5. Let x be m(0). Calculate the highest common factor of x and w.
1
Let q be (1 + -3)/(6/87). Let u = 44 + q. Let c(v) = -10*v - 5. Let n be c(-8). What is the highest common divisor of u and n?
15
Suppose -18*r + 40 = -13*r. Let p(t) = -t**2 + 12*t - 29. Let c be p(r). What is the greatest common factor of c and 27?
3
Suppose 2*r + g - 6*g - 340 = 0, g = -2. What is the highest common divisor of 60 and r?
15
Let s(x) = 4*x + 0 - 1164*x**2 + 4 + 1141*x**2 + x**3. Let a be s(23). Let b = 25 - 13. What is the highest common factor of a and b?
12
Suppose h = -4*h. Let f be 98/(-28)*(h + -18). Calculate the highest common divisor of f and 9.
9
Let a(g) = g**2 + 4*g - 2. Let d be a(5). Let i = -15 + d. What is the highest common factor of i and 7?
7
Let n be (-3)/2 - (-596)/(-8). Let w = n - -428. Calculate the highest common factor of w and 44.
44
Suppose -262 - 378 = -80*c. Calculate the greatest common divisor of 488 and c.
8
Let a(h) = 4*h**2 + h - 34. Let g be a(-13). What is the greatest common divisor of 37 and g?
37
Suppose -3*j + 2850 = 2814. Let m = 2 + -1. Let d be (34 - 4)/(m + 0). What is the greatest common factor of d and j?
6
Let i(t) = 1074*t**3 + 6*t**2 - 8*t + 4. Let r be i(1). What is the greatest common factor of 4 and r?
4
Suppose -3*c + 587 = -148. Suppose 4*d - 9*d = -c. Let n = 69 - d. What is the greatest common factor of 5 and n?
5
Let a(j) = -j**3 - j**2 + 12. Let b be a(0). What is the highest common factor of b and 68?
4
Let q = -652 - -2724. What is the highest common divisor of q and 112?
56
Let i(b) = -13*b + 248. Let p be i(-55). What is the highest common divisor of 9 and p?
9
Let l